
2505
1742 (base 10) to base 7
5036
Convert -2032 (base 4) to base 13.
-ac
Convert 1220000 (base 3) to base 4.
111201
What is 23122 (base 4) in base 14?
3a2
Convert -190 (base 10) to base 2.
-10111110
Convert 1210120022 (base 3) to base 8.
105115
Convert -1111110100 (base 2) to base 13.
-5cb
What is -301341 (base 5) in base 10?
-9596
What is a994 (base 12) in base 2?
100100100000000
-33520 (base 10) to base 9
-50874
-135515 (base 6) to base 11
-979a
What is -a1d6 (base 14) in base 16?
-6cb0
What is 1419 (base 11) in base 15?
825
Convert -10023 (base 4) to base 3.
-100220
Convert 205513 (base 6) to base 5.
1014241
What is -68 (base 9) in base 12?
-52
Convert -2736 (base 9) to base 6.
-13310
Convert -7 (base 14) to base 11.
-7
Convert -53320 (base 6) to base 11.
-549a
Convert 652 (base 12) to base 8.
1636
-109 (base 13) to base 8
-262
101012121 (base 3) to base 12
4381
270 (base 13) to base 3
120220
Convert -303434 (base 7) to base 10.
-51671
What is -10150 (base 9) in base 7?
-25332
552 (base 8) to base 14
1bc
Convert -322204 (base 5) to base 7.
-43602
Convert -880 (base 9) to base 11.
-5a5
Convert -11323 (base 5) to base 4.
-31012
Convert -211111 (base 3) to base 15.
-2a7
What is -62b (base 13) in base 16?
-41b
What is -1aba5 (base 12) in base 11?
-27934
What is b836 (base 13) in base 15?
7894
-448 (base 10) to base 4
-13000
What is 1ad (base 16) in base 7?
1152
-15 (base 10) to base 5
-30
-246 (base 8) to base 3
-20011
What is 320103 (base 4) in base 13?
1842
Convert 4343 (base 11) to base 8.
13146
What is 13003 (base 4) in base 7?
1213
85 (base 9) to base 13
5c
20313 (base 5) to base 6
10101
1b6 (base 15) to base 10
396
Convert 103403 (base 7) to base 11.
12606
Convert 24b6 (base 14) to base 4.
1210200
5151 (base 6) to base 12
7b7
Convert 26563 (base 7) to base 15.
21ba
Convert 1111101011111 (base 2) to base 10.
8031
Convert -47a (base 13) to base 11.
-647
Convert -1023 (base 6) to base 7.
-450
Convert -1211 (base 6) to base 13.
-199
-6404 (base 13) to base 14
-50a2
154222 (base 7) to base 16
765a
Convert -21 (base 8) to base 15.
-12
Convert -211210 (base 3) to base 11.
-50a
-1129 (base 11) to base 4
-113023
Convert -26002 (base 9) to base 11.
-12168
Convert -1101 (base 8) to base 6.
-2401
Convert 36303 (base 8) to base 4.
3303003
Convert -6ae2 (base 16) to base 9.
-41472
208 (base 12) to base 16
128
a28 (base 12) to base 6
10452
What is 10001010110001001 (base 2) in base 7?
414066
1115 (base 9) to base 10
824
Convert -13706 (base 12) to base 8.
-64466
What is -3363 (base 7) in base 2?
-10011000101
20001 (base 6) to base 2
101000100001
What is 42790 (base 10) in base 16?
a726
Convert 615c (base 13) to base 6.
142100
10120020 (base 3) to base 14
d38
What is 5434 (base 12) in base 9?
13624
-136 (base 9) to base 6
-310
What is -6 (base 7) in base 11?
-6
Convert -120 (base 12) to base 8.
-250
Convert 614 (base 7) to base 6.
1225
-3e03 (base 15) to base 2
-11001111011110
Convert 5553 (base 7) to base 11.
1557
What is 2153 (base 6) in base 5?
4001
959 (base 14) to base 2
11100110011
14120 (base 7) to base 9
5232
What is 7572 (base 13) in base 9?
24340
What is -b88d (base 16) in base 15?
-deea
Convert -11122 (base 5) to base 16.
-313
What is 212100002 (base 3) in base 5?
1021022
Convert -321300 (base 4) to base 8.
-7160
-1e9 (base 16) to base 7
-1266
-11110111001 (base 2) to base 4
-132321
Convert 1292 (base 11) to base 2.
11010001010
Convert 270 (base 13) to base 11.
360
-200200100 (base 3) to base 4
-3110301
What is -30310 (base 7) in base 14?
-2977
-2010102111 (base 3) to base 6
-521451
Convert 2323 (base 15) to base 11.
5670
What is -82ca (base 13) in base 2?
-100011010100000
Convert 1a4 (base 13) to base 7.
612
What is -10001122 (base 3) in base 10?
-2231
-aca5 (base 13) to base 7
-130234
What is -83 (base 15) in base 9?
-146
Convert 3c71 (base 13) to base 9.
12848
3a3 (base 16) to base 13
568
-2727 (base 9) to base 6
-13254
11222002 (base 3) to base 15
1115
Convert 20051 (base 10) to base 7.
112313
Convert 5563 (base 7) to base 13.
bb3
2100131 (base 4) to base 15
2b15
Convert 22031 (base 4) to base 13.
3b3
Convert 1230224 (base 5) to base 6.
302130
19458 (base 11) to base 4
12220133
What is -100012012 (base 3) in base 7?
-25352
-3bd (base 15) to base 5
-11403
-b61 (base 13) to base 16
-792
Convert -63070 (base 9) to base 5.
-2312431
-1212102 (base 3) to base 13
-809
Convert -1140 (base 6) to base 5.
-2101
What is -1ac (base 14) in base 5?
-2343
Convert -11312 (base 6) to base 9.
-2208
1020012 (base 3) to base 9
1205
What is e03 (base 15) in base 14?
1213
Convert -31200 (base 6) to base 4.
-1001100
Convert 5621 (base 8) to base 2.
101110010001
-632 (base 8) to base 13
-257
-1011110111101 (base 2) to base 14
-2301
What is 111100100 (base 2) in base 9?
587
2e2c (base 15) to base 16
26d6
What is 112606 (base 7) in base 10?
20194
What is 1010 (base 3) in base 6?
50
-60c (base 16) to base 13
-921
-2795 (base 10) to base 4
-223223
What is -1000000100001101 (base 2) in base 3?
-1200022121
Convert 321 (base 10) to base 12.
229
What is 7f (base 16) in base 14?
91
Convert -192b (base 12) to base 11.
-2331
-10703 (base 11) to base 12
-8b6b
11001010 (base 2) to base 12
14a
1d6 (base 14) to base 4
12000
Convert 845a (base 16) to base 6.
420510
What is 110222 (base 3) in base 9?
428
2608 (base 9) to base 7
5456
100300 (base 4) to base 15
4b7
-1013030 (base 4) to base 11
-3472
2321 (base 4) to base 11
159
What is -101100000 (base 2) in base 9?
-431
194 (base 10) to base 4
3002
21734 (base 8) to base 2
10001111011100
Convert 61331 (base 7) to base 6.
153022
-54a (base 12) to base 2
-1100001010
4061 (base 9) to base 15
d31
-250 (base 10) to base 14
-13c
What is -8771 (base 9) in base 2?
-1100100111111
Convert -232202 (base 6) to base 3.
-1000100202
What is 202323 (base 5) in base 7?
25131
What is -11114 (base 7) in base 11?
-211a
What is 5503 (base 7) in base 15?
8ad
Convert 123 (base 13) to base 7.
402
-15029 (base 10) to base 3
-202121122
Convert 10110010010 (base 2) to base 3.
1221211
What is -365 (base 9) in base 11?
-255
-58263 (base 10) to base 8
-161627
-174 (base 11) to base 13
-127
242213 (base 6) to base 10
21249
What is -1101011110001110 (base 2) in base 13?
-1c16a
43 (base 6) to base 12
23
bab (base 16) to base 10
2987
-13b (base 13) to base 6
-1003
What is 4ba (base 16) in base 2?
10010111010
What is 2022 (base 5) in base 15?
127
Convert -263 (base 11) to base 7.
-623
What is -4133 (base 11) in base 8?
-12551
What is -114184 (base 9) in base 8?
-206113
What is -210a (base 11) in base 7?
-11100
What is -29106 (base 12) in base 4?
-31331112
What is -2a8 (base 15) in base 14?
-316
Convert -110010001010011 (base 2) to base 7.
-134610
Convert 2309 (base 14) to base 8.
13705
3565 (base 9) to base 6
20135
-282 (base 11) to base 9
-408
11011110111101 (base 2) to base 13
6658
What is -888 (base 10) in base 14?
-476
Convert cdc (base 16) to base 10.
3292
Convert 36e1 (base 15) to base 7.
46033
What is -1b13 (base 12) in base 11?
-2555
-828 (base 13) to base 6
-10230
What is 1001022 (base 4) in base 16?
104a
-31040 (base 7) to base 11
-5766
Convert 58a (base 16) to base 3.
1221112
Convert 43366 (base 7) to base 2.
10101001001100
What is -12405 (base 6) in base 16?
-755
What is 320 (base 13) in base 15?
258
-520 (base 10) to base 3
-201021
Convert -2012222 (base 3) to base 7.
-4502
-15785 (base 10) to base 8
-36651
Convert -1a7 (base 14) to base 11.
-292
-12 (base 8) to base 6
-14
What is 331322 (base 4) in base 9?
5382
Convert 2829 (base 11) to base 6.
24541
12010 (base 3) to base 11
116
-14773 (base 8) to base 10
-6651
-200010102 (base 3) to base 2
-11001110011110
-2f4 (base 16) to base 12
-530
Convert 540d (base 16) to base 5.
1142032
What is 2861 (base 14) in base 5?
212031
What is 111 (base 5) in base 9?
34
d4 (base 15) to base 4
3013
-32461 (base 10) to base 2
-111111011001101
What is 2732 (base 14) in base 4?
1223320
Convert 390 (base 10) to base 11.
325
What is -2513 (base 7) in base 12?
-665
-628 (base 10) to base 12
-444
-26823 (base 11) to base 3
-1221111002
-1002300 (base 4) to base 3
-12212020
Convert 493 (base 15) to base 5.
13123
Convert 4537 (base 15) to base 9.
22117
What is 32244 (base 7) in base 9?
12000
1090 (base 15) to base 3
112110